.
472
What is the greatest common factor of 404057460 and 205?
205
What is the greatest common divisor of 1134 and 2228310?
1134
What is the greatest common divisor of 224 and 3585155?
7
Calculate the highest common divisor of 2069888 and 5809.
157
Calculate the greatest common divisor of 119 and 3537191.
7
What is the greatest common divisor of 87788199 and 2283?
2283
Calculate the greatest common factor of 13080 and 2440.
40
Calculate the greatest common factor of 420 and 126896140.
140
What is the greatest common factor of 9117347 and 8309?
1187
What is the greatest common factor of 1420 and 11717130?
710
What is the greatest common divisor of 164020 and 19379380?
2780
Calculate the highest common factor of 2315992 and 134344.
56
Calculate the greatest common factor of 457184 and 2744.
56
What is the greatest common divisor of 62839857 and 3?
3
Calculate the greatest common divisor of 63 and 6515544.
21
Calculate the greatest common factor of 440 and 6124030.
110
What is the highest common factor of 6858 and 149606?
254
Calculate the greatest common factor of 1926315 and 53865.
2565
What is the highest common factor of 21266 and 95480?
434
What is the greatest common factor of 71896066 and 9845?
1969
Calculate the greatest common factor of 1331 and 1135112.
11
What is the greatest common divisor of 439314 and 24252540?
6018
Calculate the greatest common factor of 502212 and 3264.
12
Calculate the highest common factor of 30278301 and 103431.
4497
Calculate the greatest common factor of 621 and 2345402.
23
Calculate the greatest common divisor of 20857800 and 81000.
600
What is the greatest common divisor of 1932 and 8418?
138
What is the greatest common divisor of 1118130 and 718275?
915
What is the greatest common factor of 6050 and 418850?
50
Calculate the highest common factor of 716432 and 592.
16
What is the greatest common factor of 1982591 and 1105?
221
Calculate the highest common divisor of 6654 and 30542969.
1109
What is the highest common divisor of 14725780 and 13760?
860
What is the highest common divisor of 3747209 and 42965?
661
What is the greatest common factor of 2155885 and 502110?
3985
Calculate the greatest common divisor of 1281 and 124674.
3
What is the highest common factor of 207292239 and 11?
11
What is the highest common divisor of 152730 and 29340?
90
Calculate the greatest common divisor of 5352275 and 1275.
25
Calculate the highest common factor of 336123 and 27219.
633
Calculate the greatest common factor of 590 and 9616115.
295
Calculate the highest common factor of 278604 and 5436.
36
Calculate the highest common factor of 2239106 and 1195973.
3821
What is the highest common divisor of 31146 and 2544?
6
What is the highest common divisor of 73667 and 46903978?
1991
Calculate the greatest common factor of 3626055 and 18240.
285
What is the highest common divisor of 379 and 3306150787?
379
Calculate the highest common divisor of 69412 and 2998628.
148
Calculate the greatest common divisor of 3051699 and 1218.
609
What is the greatest common divisor of 89913 and 1365?
3
Calculate the highest common factor of 19757554 and 172.
86
Calculate the greatest common divisor of 315860 and 318920.
340
What is the greatest common factor of 66333032 and 4540?
908
Calculate the highest common divisor of 58 and 547.
1
Calculate the greatest common factor of 124 and 7709111.
31
Calculate the highest common factor of 50 and 19834510.
10
Calculate the highest common divisor of 6402 and 18426826.
22
What is the highest common divisor of 130223 and 7?
1
What is the greatest common factor of 155 and 45756155?
155
What is the highest common factor of 83365704 and 24?
24
Calculate the highest common divisor of 273 and 13337415.
273
What is the greatest common factor of 36478099 and 147?
49
What is the highest common divisor of 19808 and 3295556?
2476
What is the highest common factor of 30377 and 1813?
37
What is the greatest common factor of 19881 and 5913493?
2209
What is the highest common factor of 21519 and 181143?
27
Calculate the highest common factor of 16476975 and 50.
25
What is the highest common divisor of 144641430 and 135?
135
What is the highest common divisor of 106460 and 15010?
10
What is the greatest common factor of 19028 and 136412?
268
Calculate the greatest common factor of 1125 and 32776695.
45
Calculate the greatest common factor of 28832 and 377248.
32
What is the highest common factor of 599502 and 31980?
246
Calculate the greatest common factor of 19604368 and 112.
112
Calculate the greatest common factor of 885888967 and 43.
43
Calculate the highest common divisor of 11986 and 234572013.
5993
What is the highest common divisor of 773230 and 460?
10
Calculate the highest common divisor of 853914412 and 16.
4
What is the greatest common divisor of 2535 and 31283759?
169
What is the greatest common factor of 693 and 8604162?
63
What is the greatest common factor of 514793436 and 12?
12
Calculate the greatest common divisor of 1947341 and 3311.
473
What is the highest common divisor of 4004 and 246274028?
4004
Calculate the greatest common factor of 4630796 and 452.
4
Calculate the greatest common divisor of 2459445 and 3203808.
4353
What is the greatest common factor of 13515 and 3726570?
255
What is the highest common divisor of 111834 and 69106?
218
What is the greatest common divisor of 22467184 and 8?
8
What is the greatest common factor of 311 and 4018742?
311
Calculate the greatest common factor of 651541 and 286.
11
Calculate the highest common divisor of 153 and 15327621.
9
What is the highest common factor of 12928565 and 130?
65
What is the greatest common factor of 109380 and 98460?
60
Calculate the highest common factor of 4274536 and 9324.
1036
What is the highest common factor of 3 and 106233588?
3
What is the highest common divisor of 658531 and 986236?
3121
Calculate the greatest common factor of 45421 and 3599400.
857
Calculate the greatest common divisor of 5954 and 479755.
229
What is the highest common divisor of 605 and 3875489035?
605
Calculate the greatest common divisor of 4 and 514204.
4
Calculate the greatest common divisor of 418173821 and 91.
13
What is the highest common factor of 60 and 5736220?
20
What is the highest common factor of 1239 and 16308957?
1239
Calculate the greatest common divisor of 1173 and 1043211.
69
What is the greatest common divisor of 2670616360 and 40?
40
What is the highest common factor of 474 and 74845074?
474
Calculate the greatest common divisor of 319326 and 2247.
21
Calculate the greatest common divisor of 10224 and 95022.
18
What is the highest common factor of 148841 and 161?
7
Calculate the greatest common factor of 55677377 and 71883.
7987
What is the greatest common divisor of 222 and 477371706?
222
What is the highest common divisor of 1808 and 280624?
16
Calculate the highest common factor of 3761 and 203842439.
3761
What is the greatest common divisor of 4686336 and 408?
24
What is the greatest common divisor of 47311 and 250631?
391
Calculate the greatest common factor of 1679491 and 99.
11
What is the greatest common divisor of 12975 and 467029935?
2595
What is the highest common divisor of 41972481 and 558?
279
Calculate the highest common factor of 22975 and 68006.
919
Calculate the greatest common divisor of 6377031 and 9.
9
Calculate the highest common factor of 44 and 867988.
44
What is the greatest common divisor of 1911 and 25535601?
273
What is the greatest common factor of 5663 and 11984?
7
What is the highest common divisor of 11227 and 680269?
109
Calculate the greatest common divisor of 2836571 and 10767.
97
What is the highest common divisor of 5510161 and 3250847?
4933
What is the highest common factor of 74 and 23164738?
74
Calculate the highest common divisor of 350 and 51410.
10
Calculate the greatest common divisor of 10 and 6151735.
5
Calculate the greatest common factor of 324 and 58157640.
36
What is the highest common divisor of 60 and 8045130?
30
What is the greatest common factor of 2002 and 133718?
26
What is the greatest common divisor of 747 and 16604067?
249
Calculate the highest common factor of 6055 and 14835961.
1211
What is the greatest common factor of 82 and 490524?
82
What is the highest common fac